n 9768 is divided by 48.
24
Calculate the remainder when 5743 is divided by 530.
443
Calculate the remainder when 109901 is divided by 24.
5
What is the remainder when 9646 is divided by 1231?
1029
What is the remainder when 1749 is divided by 550?
99
What is the remainder when 2526692 is divided by 76?
72
What is the remainder when 4307 is divided by 95?
32
What is the remainder when 183129 is divided by 1012?
969
What is the remainder when 59302 is divided by 1318?
1310
What is the remainder when 4101 is divided by 2009?
83
What is the remainder when 84907 is divided by 70?
67
Calculate the remainder when 77469 is divided by 122.
121
Calculate the remainder when 2035 is divided by 298.
247
What is the remainder when 9091 is divided by 2051?
887
Calculate the remainder when 498 is divided by 15.
3
What is the remainder when 97840 is divided by 18?
10
What is the remainder when 2489 is divided by 310?
9
Calculate the remainder when 22058 is divided by 10796.
466
What is the remainder when 6380 is divided by 16?
12
Calculate the remainder when 7986 is divided by 372.
174
What is the remainder when 128519 is divided by 20?
19
Calculate the remainder when 5573 is divided by 1322.
285
Calculate the remainder when 46226 is divided by 7702.
14
What is the remainder when 136586 is divided by 388?
10
Calculate the remainder when 8209 is divided by 681.
37
What is the remainder when 18199 is divided by 198?
181
What is the remainder when 7867 is divided by 1885?
327
What is the remainder when 72333 is divided by 391?
389
Calculate the remainder when 132317 is divided by 18.
17
Calculate the remainder when 16324 is divided by 2664.
340
Calculate the remainder when 1025045 is divided by 25626.
5
Calculate the remainder when 5780 is divided by 1906.
62
Calculate the remainder when 21580 is divided by 22.
20
What is the remainder when 11879 is divided by 11649?
230
What is the remainder when 11351 is divided by 3775?
26
What is the remainder when 409099 is divided by 249?
241
Calculate the remainder when 146056 is divided by 49.
36
Calculate the remainder when 3034 is divided by 759.
757
What is the remainder when 45685 is divided by 45662?
23
Calculate the remainder when 134247 is divided by 3051.
3
What is the remainder when 2511 is divided by 197?
147
Calculate the remainder when 611 is divided by 499.
112
What is the remainder when 163855 is divided by 22?
21
What is the remainder when 7940 is divided by 1937?
192
What is the remainder when 13299 is divided by 376?
139
What is the remainder when 10465 is divided by 883?
752
Calculate the remainder when 67468 is divided by 51.
46
Calculate the remainder when 57573 is divided by 19188.
9
Calculate the remainder when 63332 is divided by 51.
41
Calculate the remainder when 3529068 is divided by 91.
88
What is the remainder when 30461 is divided by 15?
11
Calculate the remainder when 3118157 is divided by 16.
13
Calculate the remainder when 10434 is divided by 41.
20
Calculate the remainder when 1656 is divided by 114.
60
Calculate the remainder when 7027 is divided by 1072.
595
Calculate the remainder when 2693088 is divided by 28.
20
Calculate the remainder when 3971 is divided by 56.
51
Calculate the remainder when 16173 is divided by 257.
239
What is the remainder when 17049 is divided by 417?
369
Calculate the remainder when 75117 is divided by 65.
42
What is the remainder when 37006 is divided by 33?
13
What is the remainder when 2449140 is divided by 1574?
1570
Calculate the remainder when 557 is divided by 18.
17
What is the remainder when 683889 is divided by 11?
8
Calculate the remainder when 30799 is divided by 16.
15
What is the remainder when 1146952 is divided by 6?
4
Calculate the remainder when 3357 is divided by 279.
9
What is the remainder when 560189 is divided by 140044?
13
Calculate the remainder when 27988 is divided by 138.
112
What is the remainder when 16183 is divided by 2391?
1837
What is the remainder when 7014 is divided by 13?
7
What is the remainder when 15330 is divided by 3825?
30
Calculate the remainder when 11522 is divided by 11437.
85
Calculate the remainder when 42013 is divided by 94.
89
Calculate the remainder when 70353 is divided by 26.
23
Calculate the remainder when 21185 is divided by 5292.
17
What is the remainder when 98875 is divided by 682?
667
Calculate the remainder when 26308 is divided by 329.
317
Calculate the remainder when 22167 is divided by 7159.
690
What is the remainder when 9185 is divided by 328?
1
Calculate the remainder when 420212 is divided by 26263.
4
Calculate the remainder when 333931 is divided by 166951.
29
What is the remainder when 8971 is divided by 2926?
193
Calculate the remainder when 23873 is divided by 2984.
1
What is the remainder when 4214 is divided by 9?
2
Calculate the remainder when 9990 is divided by 300.
90
What is the remainder when 84113 is divided by 516?
5
What is the remainder when 8778 is divided by 2903?
69
Calculate the remainder when 48083 is divided by 216.
131
Calculate the remainder when 6981 is divided by 510.
351
Calculate the remainder when 15418 is divided by 1100.
18
What is the remainder when 1547 is divided by 410?
317
What is the remainder when 44963 is divided by 15?
8
Calculate the remainder when 81247 is divided by 312.
127
Calculate the remainder when 20585 is divided by 19738.
847
What is the remainder when 357455 is divided by 335?
10
What is the remainder when 12610 is divided by 53?
49
What is the remainder when 396 is divided by 191?
14
Calculate the remainder when 264943 is divided by 4906.
19
Calculate the remainder when 12706 is divided by 981.
934
Calculate the remainder when 778 is divided by 93.
34
Calculate the remainder when 5565 is divided by 1223.
673
Calculate the remainder when 26907 is divided by 152.
3
What is the remainder when 312661 is divided by 1672?
1669
What is the remainder when 4997 is divided by 1219?
121
Calculate the remainder when 224899 is divided by 882.
871
What is the remainder when 8148 is divided by 8134?
14
Calculate the remainder when 21124 is divided by 1916.
48
Calculate the remainder when 11909 is divided by 3834.
407
Calculate the remainder when 91447 is divided by 144.
7
What is the remainder when 95857 is divided by 326?
13
What is the remainder when 195721 is divided by 2796?
1
Calculate the remainder when 6897 is divided by 2278.
63
What is the remainder when 1218 is divided by 43?
14
What is the remainder when 26479 is divided by 26476?
3
Calculate the remainder when 12776 is divided by 42.
8
What is the remainder when 145689 is divided by 612?
33
What is the remainder when 49078 is divided by 31?
5
What is the remainder when 162523 is divided by 625?
23
What is the remainder when 17879 is divided by 5853?
320
What is the remainder when 5569 is divided by 199?
196
What is the remainder when 5017 is divided by 5011?
6
What is the remainder when 633740 is divided by 599?
597
Calculate the remainder when 2989 is divided by 166.
1
Calculate the remainder when 1797157 is divided by 299525.
7
Calculate the remainder when 8194 is divided by 4.
2
What is the remainder when 116862 is divided by 71?
67
What is the remainder when 3474 is divided by 1517?
440
What is the remainder when 9568 is divided by 240?
208
What is the remainder when 573161 is divided by 24?
17
What is the remainder when 10430 is divided by 23?
11
Calculate the remainder when 3237 is divided by 848.
693
Calculate the remainder when 8437 is divided by 2799.
40
What is the remainder when 604440 is divided by 807?
804
Calculate the remainder when 14601 is divided by 4831.
108
Calculate the remainder when 909458 is divided by 9.
8
Calculate the remainder when 17368 is divided by 1965.
1648
What is the remainder when 200361 is divided by 18212?
29
What is the remainder when 21448 is divided by 22?
20
Calculate the remainder when 78708 is divided by 51.
15
Calculate the remainder when 97637 is divided by 121.
111
Calculate the remainder when 10255 is divided by 716.
231
Calculate the remainder when 3657 is divided by 911.
13
Calculate the remainder when 336654 is divided by 7.
3
Calculate the remainder when 10660 is divided by 39.
13
Calculate the remainder when 59944 is divided by 94.
66
C